ivisor of 138 and i?
46
Let o(g) = -162*g - 24. Let s be o(-4). Let c be 1/(-1) - s/(-3). Calculate the highest common factor of c and 23.
23
Suppose 200 = 2*t + 2*u + 2*u, 0 = u + 2. What is the highest common factor of t and 24?
8
Let h be (0 + 4)/(-4) + 1. Suppose -2*g + h*g = -i + 8, 12 = -3*g - 2*i. Let p be (-6)/g*154/21. What is the highest common divisor of p and 44?
11
Let b be (-14)/91 - 134/(-26). Suppose -150 = -b*j + 4*k, -108 = -4*j - 5*k + 12. Let z = 67 - 37. Calculate the highest common factor of j and z.
30
Let p(o) = o**3 + 13*o**2 + 13*o + 13. Let y be p(-11). Let l be 14/(-4)*(2 - 10). Calculate the highest common divisor of y and l.
28
Let i(k) = -k**3 + 11*k**2 + 14*k + 3. Let h be i(12). Calculate the highest common factor of h and 9.
9
Suppose 0 = -6*s + 8*s - 138. Let v be (-4)/(-12)*s - (0 + -2). Calculate the greatest common factor of v and 100.
25
Let i be 72/2*(0 + -1)*1. Let y = -1 - i. What is the highest common factor of 280 and y?
35
Let u be 78/(-130) - (-2109)/15. What is the greatest common factor of u and 28?
28
Suppose 0 = 3*u + 2*y - 181, -150 = -5*u - 4*y + 151. Let w = u + -43. Let p = 92 + 34. Calculate the greatest common divisor of p and w.
18
Suppose -t + 2*t + 9 = -5*n, 4*n = -3*t + 28. Let a = 30 - t. Suppose i = 5*s + 4*i - 554, -5*i = 4*s - 438. Calculate the greatest common divisor of s and a.
14
Suppose 44*i = -10*i + 12420. Calculate the highest common divisor of 20 and i.
10
Let k be (((-24)/5)/2)/((-6)/105). Suppose -2*m - 87 = -5*m + 3*i, 2*m = -2*i + k. What is the highest common factor of m and 125?
25
Suppose 4*n = 2*n + 144. Suppose -13*r - 107 + 224 = 0. What is the highest common factor of n and r?
9
Suppose -3*f + 70 = 4*f. Suppose -13 = -3*b - 5*a + 222, -3*a - 83 = -b. Calculate the highest common divisor of f and b.
10
Let l be 127/2 - (-8)/(-16). Let b be ((-90)/20)/((-2)/4). What is the greatest common divisor of b and l?
9
Suppose 0 = 403*a - 383*a - 6380. Calculate the highest common factor of a and 33.
11
Suppose 0 = -4*z + 1 + 79. What is the greatest common factor of 80 and z?
20
Suppose 5*x - x = 92. Suppose -o = 4*o - 65. Suppose -o = 5*g - 1048. Calculate the highest common divisor of x and g.
23
Suppose 4*y + w + 0*w = 7, -w = y + 2. Suppose 0 = -2*z + 5*z - 18. Suppose q = y*q - z. What is the greatest common divisor of 12 and q?
3
Suppose 2589 - 309 = 3*n. What is the greatest common factor of n and 40?
40
Suppose 4*m = -4*h + 44, -h = -3*h + 5*m + 15. Let r = 4 + h. Let u = -74 + 130. What is the greatest common factor of u and r?
14
Suppose -2*r - 2*r = 0. Suppose -2*m = -r*m - 8. Let d be 78/m - (-6)/4. What is the greatest common factor of d and 14?
7
Suppose -562*t + 1288 = -548*t. What is the highest common divisor of t and 68?
4
Let h(i) = 17*i. Let t be h(2). Let p be (6 + 60/(-9))*(-306)/12. Calculate the highest common factor of p and t.
17
Suppose -4*y = 3*z - 12, 3*z = 4*y - 14 + 2. Suppose 0*w - w = 0, 3*t = -y*w + 96. Calculate the highest common divisor of t and 24.
8
Let a be 44/(-28)*6/((-30)/35). What is the highest common factor of 121 and a?
11
Suppose 5*u + 5*j - 10 = 0, 3*u - 2*j - 7 = -1. Suppose -u*k + 46 = -0*d - 3*d, 5*k - 4*d - 108 = 0. What is the highest common factor of k and 4?
4
Let i be -35*9*8/(-30). Calculate the highest common divisor of i and 3.
3
Suppose 0 = 42*i - 48*i + 678. Let n = 127 - i. What is the highest common factor of 35 and n?
7
Suppose -2*w - 4388 - 1406 = -5*v, 0 = 5*v - w - 5797. Suppose -5*j = 285 - v. What is the greatest common divisor of j and 7?
7
Suppose -151*x + 146*x = -1020. Calculate the highest common factor of 51 and x.
51
Let z(a) = -62*a + 24. Let u be z(-3). Calculate the highest common divisor of 120 and u.
30
Let x be (-4)/10*(-10)/2. Let s(f) = 7*f**2 - f + 4. Let t be s(x). Let m be (1/4 - 1/(-12))*18. Calculate the highest common divisor of t and m.
6
Let i = -20 + 15. Let g = 10 - i. Let d = g - 7. What is the highest common divisor of 1 and d?
1
Let z(u) = 3*u**2 + 2 - 1 - 1. Let y(g) = -2*g**2 - g - 1. Let l(c) = 3*y(c) + 4*z(c). Let d be l(-2). Calculate the greatest common factor of d and 54.
27
Let k be 7680/20*(-6)/(-9). What is the greatest common divisor of 24 and k?
8
Suppose -93*v + 89*v = -1200. Calculate the highest common factor of 24 and v.
12
Suppose 6*p - 3*h = 4*p + 880, -2*p - 2*h + 880 = 0. What is the greatest common factor of 165 and p?
55
Suppose 4*f - 189 = 855. Suppose -2*o = -o - f. What is the greatest common factor of o and 29?
29
Let t be (693/14)/((-3)/4). Let u be ((-13)/2)/(3/t). Calculate the greatest common divisor of u and 13.
13
Let n = 1351 + -1281. Let h = 4 - -3. What is the greatest common factor of h and n?
7
Suppose -2*p = -4*s + 154 + 2, 0 = 2*s + p - 74. Let m(w) = -56*w + 6. Let q be m(-6). Calculate the highest common factor of q and s.
38
Let b be (2 - 1) + (0 - -1). Suppose b*p - p - 4 = 0. Suppose -111 = -p*q - n, 4*q + 0*n - 114 = -2*n. What is the greatest common factor of 3 and q?
3
Let z be 4/(-2*(-1)/14). What is the greatest common divisor of z and 70?
14
Let j be 2826/54 + 2/(-6). Calculate the highest common factor of 988 and j.
52
Let f = -354 + 453. Calculate the highest common factor of f and 22.
11
Suppose 390 + 18 = -4*s. Let q be (-1)/(s/33 + 3). Let x(w) = 4*w - 27. Let t be x(7). Calculate the greatest common divisor of q and t.
1
Let b(k) = -k**3 - 5*k**2 + 2*k - 21. Let r be b(-6). Calculate the greatest common factor of 11 and r.
1
Suppose 0 = -0*k - 16*k + 128. Suppose -90 = -q - k*q. Calculate the highest common divisor of q and 20.
10
Let k = 100 + -44. Let j = -24884 - -24905. Calculate the greatest common divisor of j and k.
7
Suppose 0*s = -42*s + 294. Let i(w) = w - 4. Let g be i(5). What is the highest common divisor of g and s?
1
Let q = 2871 - 2848. Suppose -274 = -2*h - 2*h - f, 4*h + 3*f - 270 = 0. Calculate the greatest common factor of h and q.
23
Suppose -31 = 3*h - 55. Suppose 22 = 2*j - 3*d, -4*j + 4*d = j - 48. Calculate the greatest common divisor of j and h.
8
Suppose 0*p = 4*p - 156. Let o = p + -24. Calculate the greatest common factor of o and 5.
5
Let z(k) = k**3 + 6*k**2 + k - 16. Let a be z(2). Let y(v) = 3*v - 5. Let s be y(6). Let b = 25 - s. What is the greatest common divisor of a and b?
6
Let j(u) = 107*u - 101. Let w be j(15). What is the greatest common factor of w and 16?
16
Let j = -22 - -28. Suppose u + j*u = 210. Calculate the highest common divisor of 12 and u.
6
Let z be 16/(-1 + 5/3). Let d(n) = -23*n + 5. Let p be d(3). Let h be (p*(-2)/4)/(4/6). What is the greatest common factor of h and z?
24
Let i(q) = q - 3. Let r(j) = -j. Let g(m) = -i(m) + 2*r(m). Let z be g(-3). Let c(k) = -3*k - 38. Let b be c(-14). What is the highest common factor of z and b?
4
Let v(j) = 18*j**2 - 3*j - 2. Let a be v(-2). Calculate the highest common factor of a and 19.
19
Let g be ((-4)/(-6))/(1/33). Suppose 13*h + 3*h + 0*h = 176. Calculate the greatest common divisor of h and g.
11
Let v be (-24)/180 + 266/(-30). Let b be 11/(-3) + v/27. Let a be b/32 - (-45)/40. What is the greatest common factor of 1 and a?
1
Suppose -21 = -6*z + 9. Let b(u) = 5*u**2 - u + 6. Let a be b(z). What is the highest common factor of 14 and a?
14
Suppose 5*n = 305 + 155. Calculate the greatest common divisor of 92 and n.
92
Let i be 570/(-2)*3/(-45)*6. Calculate the greatest common divisor of 6 and i.
6
Let q = 154 - 119. Calculate the greatest common factor of q and 15.
5
Suppose 0 = 5*l - 109 - 71. What is the highest common factor of l and 54?
18
Let q = 13 - -62. Let v(d) = 3*d - 21. Let t be (488/(-20))/(-2) - (-2)/(-10). Let k be v(t). Calculate the highest common divisor of q and k.
15
Suppose 5*l = 2*a - 736, 0 = -7*a + 2*a + 2*l + 1819. Let f(i) = -144*i + 33. Let n be f(0). Calculate the greatest common factor of a and n.
33
Let o be 1/(5/485) + -6. What is the greatest common factor of o and 13?
13
Let z = -18 + 20. Suppose -9*w - 5*x - 75 = -10*w, 3*x = -z*w + 85. Calculate the greatest common divisor of 125 and w.
25
Let u(b) = b**3 - 3*b**2 + 2*b - 49. Let a be u(10). What is the highest common divisor of a and 61?
61
Suppose 0*t + 4*t = 4. Let x be (-264)/(-30) + (-3)/(15*-1). Calculate the greatest common 